 units digit of x(-7)?
3
Let w = 7 - 3. Suppose p = -p + w. Suppose -2*h + 12 = p*h. What is the units digit of h?
3
Let o = -7 + 13. Suppose 2*u - o = -u. What is the units digit of 7/1 - (-4)/u?
9
Let x(w) = -w + w**2 - 2*w + 4*w**2 - 2 - w**3. Let j = 10 - 7. What is the units digit of x(j)?
7
Let d(s) = 4*s - 6 + 0*s - 2*s. Suppose 36 = 3*n + 2*n - c, n = -5*c + 28. What is the units digit of d(n)?
0
Let n(m) = -m + 8. Let g be n(5). Suppose 3*p = -0*p - 3. What is the units digit of (-2)/p + g + 0?
5
Let n = 80 + 129. What is the hundreds digit of n?
2
What is the units digit of 44/(-8)*46*-1?
3
Let u(p) = 4*p**2 - 2*p + 14. What is the hundreds digit of u(9)?
3
Let d = -185 - -485. What is the tens digit of d?
0
Let l(u) = u**2 + 5*u + 1. What is the units digit of l(4)?
7
What is the tens digit of 1/(22/744) - (-2)/11?
3
Suppose 0 = h - 9 - 20. What is the units digit of h?
9
Suppose 5*n = 2*w - 3 + 2, -n - 8 = -3*w. Let q(p) = p**3 - 5*p**2 + 5*p - 5. Let i be q(4). What is the units digit of i/((0 + -1)/n)?
1
Suppose b - 9 = 5*s, -b + 5 = -2*s + 2. Let v = 3 + 2. Let u = v + s. What is the units digit of u?
3
Suppose 5*b + u + 4*u - 15 = 0, 0 = 4*b + 2*u - 20. Let y be (2 - b)/((-6)/30). Suppose 3*r = -4 + y. What is the units digit of r?
7
Let t = -5 - 1. Let o = -2 - t. Suppose 50 = 3*b + o*j, -4*b = -6*j + j - 46. What is the tens digit of b?
1
Suppose -3*d = -m - 245, 2*m + 79 = -3*d + 336. What is the units digit of d?
3
Let n be 1797/15 - 3/(-15). Suppose -4*g - g = -n. What is the tens digit of g?
2
Let z be 8/4 - 2*-19. Suppose 7*i = 2*i + z. What is the units digit of i?
8
Let m be -2*(-1)/(4/70). Suppose -m + 5 = -5*l. Suppose -c - 2*h + l = -0*c, 2*c = 3*h + 40. What is the tens digit of c?
1
Let d be ((-3)/(-12))/((-1)/(-8)). Suppose -40 - 18 = -d*r. What is the tens digit of r?
2
Let g = 9 - 5. Suppose -g*v + 2*o + 30 = 0, -v - o - 27 = -5*v. Suppose p + p - v = k, -p + 21 = -5*k. What is the units digit of p?
1
Let g be 1/((-110)/36 + 3). Let k = 35 + g. What is the tens digit of k?
1
Suppose -5*g = -g - 132. What is the tens digit of g?
3
Let t = -22 + 68. What is the units digit of t?
6
Let m(v) = 5*v**3 + v**2. Let a be m(-1). Suppose -5*h + 43 = 8. Let w = h - a. What is the tens digit of w?
1
Let l(d) = 3*d - d + 2 - 4*d. Let h be l(-8). What is the units digit of (-4)/h - 20/(-9)?
2
Let l = 0 - -11. What is the tens digit of (-9)/(-3) + 0 + l?
1
Let m(k) = -4*k - 9. Let n be m(7). Let v = -23 - n. What is the tens digit of v?
1
Suppose m + m + 2*d - 172 = 0, m = -3*d + 92. What is the units digit of m?
3
Let c(r) = r**2 + r + 2. Let d be c(0). Suppose 5*k = -x - 26, -d*k + 5*x - 6 = x. What is the units digit of (4/(-5))/(2/k)?
2
Let g = -158 - -388. What is the tens digit of g?
3
Let d = -11 - -15. Suppose -3*w + d*w = 14. Suppose 5*u = 36 + w. What is the tens digit of u?
1
Suppose -2*k = 5*k - 630. What is the tens digit of k?
9
Let v(u) = -u**2 - 8*u - 2. Let y be v(-6). Let w(j) = 3*j - 1. What is the units digit of w(y)?
9
What is the units digit of (-6)/(-21) + (1 - 68/(-7))?
1
Let a = 99 - 57. What is the units digit of a?
2
Let c be 4/(4/3) - -10. Let r = c - 11. What is the units digit of r?
2
Let z(q) = -q**2 - 5*q - 1. What is the units digit of z(-4)?
3
Let b be ((-45)/(-10))/(2/4). Let y = -2 + b. What is the units digit of y?
7
Suppose 3*j = -11 - 1. Let c(f) = 2*f**2 + 7*f + 6. Let v be c(j). Suppose 3*a + 4*y = 19 + 7, a = -2*y + v. What is the units digit of a?
6
Let t be ((2 - 1)*6)/1. Suppose 4*i - 3*i + 2 = 0. Let y = t - i. What is the units digit of y?
8
Let n(d) = 1 - d - 4*d + 3*d + 8*d**3 + 2*d**2. Let y(c) = -c - 3. Let u be y(-4). What is the units digit of n(u)?
9
Let k(j) be the first derivative of -1 + 2*j**2 - j**3 - 3*j + 1/4*j**4. What is the units digit of k(2)?
1
Let f = -11 + 5. Let x(r) = -8*r - 5. Let c be x(f). Suppose -5*q = -c - 7. What is the tens digit of q?
1
Let v be 6/((12/8)/1). Suppose 0 = -2*o - v + 8. What is the units digit of o?
2
Suppose -2*n + 178 + 258 = 2*k, -2*k = -n - 439. What is the tens digit of k?
1
Let k(v) = 2*v**2 + 13*v + 12. Let b be -11 + -6*(-4)/8. What is the units digit of k(b)?
6
Let o(k) = -k**2 - 4*k. Let p(b) = -2*b**2 - 8*b + 1. Let m(h) = -5*o(h) + 3*p(h). What is the units digit of m(-4)?
3
Suppose -2*n - 108 = -5*n. What is the units digit of n?
6
Suppose 106 = 2*k - 116. What is the hundreds digit of k?
1
Suppose 4*n + 38 = 2*o, -o - 2*n - 1 = -0*o. Suppose -6*q = -o*q. What is the units digit of (24 - q)*3/6?
2
Let g(a) = a**2 + 2*a + 2. Let m be g(-2). Suppose -m*w + 39 = w. What is the tens digit of w?
1
Suppose 4*y + 62 = 2*n, -n - 2*y + 31 = y. What is the tens digit of n?
3
What is the tens digit of (-943)/(-3) + 4/(-12)?
1
Let m be 7/((-14)/(-104)) - -4. Suppose 3*g - 13 = m. What is the units digit of g?
3
What is the units digit of (-3)/(-18) - (-742)/12?
2
Suppose -7*y + 2*y = -155. Let u = y - 15. What is the tens digit of u?
1
Let n = -3 + 2. Let v(z) = -50*z**3 + 2*z**2 + 2*z + 1. Let l be v(n). Suppose 5*g = -0*h + 2*h + l, -21 = -4*g - 5*h. What is the units digit of g?
9
Suppose f = 5*g - 0 + 14, 0 = -3*f - 3*g + 78. What is the units digit of f?
4
Let m(t) = 20*t**2. Let c be m(-1). Let q = -16 + c. What is the units digit of q?
4
What is the units digit of -96*(3 - (-66)/(-18))?
4
Let l(y) = 3*y**2 - 2*y - 1. What is the tens digit of l(3)?
2
Let v(x) = -7*x**2 + 15*x + 9. Let k(r) = r**2 - r. Let s(j) = -6*k(j) - v(j). What is the units digit of s(10)?
1
Suppose 0 = 12*v - 13*v + 86. What is the tens digit of v?
8
Let g(d) be the third derivative of 17*d**5/60 - d**4/24 - d**3/6 - 2*d**2. What is the tens digit of g(-1)?
1
What is the units digit of 2/(-7) + (-576)/(-7)?
2
What is the units digit of 1/(1/(-2) + 1)?
2
Let i(r) = -4*r + 8. Let o be i(-6). Let d = -53 + o. Let s = -13 - d. What is the units digit of s?
8
Let d be ((-2)/(-6))/(2/(-30)). Let z(a) = a**2 + 5*a + 5. What is the units digit of z(d)?
5
Let k(w) = -w**3 + 16*w**2 - 11*w. What is the tens digit of k(15)?
6
Suppose 144*f = 139*f + 10. Let a be ((-78)/8)/((-1)/4). What is the tens digit of a/f + (-9)/(-18)?
2
Suppose 2*q - 56 = -0*q. What is the tens digit of q?
2
Let h(u) = -4*u + 2. What is the units digit of h(-4)?
8
Let c = -58 - -87. What is the tens digit of c?
2
Let r = 9 - 5. Suppose x + 3 = r*x. What is the units digit of x?
1
Suppose 3*v + 4*q - 8*q - 66 = 0, -5*q = -5*v + 110. Let n = -5 + v. What is the units digit of n?
7
Let p(g) = g - 3. Suppose -4*q + 0*q + 22 = 5*o, 4*q = 4*o + 4. Let c be p(q). Suppose f + c = 4. What is the units digit of f?
4
Let w = 0 + 8. Let q = w + -6. What is the units digit of q?
2
Let k(v) = -7*v - 6. Let a(g) = -3*g + 4. Let w be a(3). What is the tens digit of k(w)?
2
Suppose 2*v = -z, z + 0*z = 4*v + 12. Suppose 2*y - 5*x = -11, -20 = 5*y - x - z*x. What is the units digit of (-19)/y - (-2)/3?
7
Let x(n) = -n**2 - 9*n. What is the units digit of x(-7)?
4
Let y = 183 - 83. Suppose 2*o - y = -2*o. What is the units digit of o?
5
Let l(b) = -7*b + 1. Let r be l(1). Let w be ((-70)/r + -1)*3. Let z = w - 19. What is the units digit of z?
3
Let s = 123 + -74. What is the tens digit of s?
4
Let n = 7 - 4. Let i = n + 2. Suppose i*f - x = 58, 4 = -f - 7*x + 2*x. What is the units digit of f?
1
Suppose 5*l + 276 = -0*q + 3*q, q - 92 = 2*l. What is the units digit of q?
2
Let z = -20 + 12. Let g be (-194)/(-18) + (-4)/(-18). Let f = z + g. What is the units digit of f?
3
Suppose -v + 10 = v. Suppose v*j = 62 - 17. What is the units digit of j?
9
Let v(f) = -f + 6. Let y be v(6). Suppose y = -a + 2*a. Suppose a = -r - 5*b - 3 + 1, -4*r + 26 = 3*b. What is the units digit of r?
8
Let o(n) = -n**3 + 4*n**2 + 3*n - 6. Let z be o(4). Suppose 0*b = -b + z. Suppose -8*i + 28 = -b*i. What is the tens digit of i?
1
Let u(d) be the first derivative of -d**4/4 - d**3/3 + 26*d - 4. What is the tens digit of u(0)?
2
Suppose -h + 168 = h - w, -336 = -4*h + 4*w. What is the units digit of h?
4
Suppose 0 = 5*r - 25. Suppose -2*v = -2, 3*l + 3*v - 11 = r*l. What is the units digit of (-41)/l - (-6)/8?
1
Suppose -r + 5*p + 15 = 0, 0 = r - 3*r + p + 39. What is the tens digit of r?
2
Let r(w) = w**3 + w**2 - w + 33. Let g 